{"id":3097,"date":"2021-01-06T09:48:47","date_gmt":"2021-01-06T09:48:47","guid":{"rendered":"https:\/\/beta.ilustrarte.pt\/info\/"},"modified":"2021-08-12T22:50:07","modified_gmt":"2021-08-12T21:50:07","slug":"info","status":"publish","type":"page","link":"https:\/\/ilustrarte.pt\/en\/info\/","title":{"rendered":"info"},"content":{"rendered":"\n<p>Ilustrarte \u2013 Biennial international exhibition of children&#8217;s book illustration<\/p>\n\n\n\n<p>Curators: Ju Godinho e Eduardo Filipe<br>Production: VerPraLer<\/p>\n\n\n\n<p>Exhibition design: Pedro Cabrito + Isabel Diniz, Arquitetos<br>Graphic design and Web design: <a href=\"http:\/\/silvadesigners.com\" data-type=\"URL\" data-id=\"silvadesigners.com\">Silvadesigners<\/a><br>Web developer: <a href=\"mailto: geral@bway.com\" data-type=\"mailto\" data-id=\"mailto: geral@bway.com\">bway<\/a><\/p>\n\n\n\n<p class=\"has-white-color has-text-color\">X<\/p>\n\n\n\n<p>Sponsor: Munic\u00edpio de Castelo Branco<br>Exhibition: Centro de Cultura Contempor\u00e2nea de Castelo Branco<\/p>\n\n\n\n<p>Centre for Contemporary Culture of Castelo Branco<br>Campo M\u00e1rtires da P\u00e1tria<br>6000-097 Castelo Branco, Portugal<br>+351 272 348 170<\/p>\n\n\n\n<div class=\"wp-block-columns grupo-foto-mapa\">\n<div class=\"wp-block-column\">\n<figure class=\"wp-block-image size-medium\"><img loading=\"lazy\" width=\"600\" height=\"600\" src=\"https:\/\/ilustrarte.pt\/_ilustrarte\/wp-content\/uploads\/2021\/02\/CCCCB-1-600x600.jpg\" alt=\"\" class=\"wp-image-2476\" srcset=\"https:\/\/ilustrarte.pt\/_ilustrarte\/wp-content\/uploads\/2021\/02\/CCCCB-1-600x600.jpg 600w, https:\/\/ilustrarte.pt\/_ilustrarte\/wp-content\/uploads\/2021\/02\/CCCCB-1-1200x1200.jpg 1200w, https:\/\/ilustrarte.pt\/_ilustrarte\/wp-content\/uploads\/2021\/02\/CCCCB-1-300x300.jpg 300w, https:\/\/ilustrarte.pt\/_ilustrarte\/wp-content\/uploads\/2021\/02\/CCCCB-1-768x768.jpg 768w, https:\/\/ilustrarte.pt\/_ilustrarte\/wp-content\/uploads\/2021\/02\/CCCCB-1-1536x1536.jpg 1536w, https:\/\/ilustrarte.pt\/_ilustrarte\/wp-content\/uploads\/2021\/02\/CCCCB-1.jpg 1800w\" sizes=\"(max-width: 600px) 100vw, 600px\" \/><\/figure>\n<\/div>\n\n\n\n<div class=\"wp-block-column\">\n<div id=\"map\"><\/div>\n\n\n\n<p><\/p>\n<\/div>\n<\/div>\n\n\n\n<p class=\"has-white-color has-text-color\">X<\/p>\n\n\n\n<figure class=\"wp-block-image size-large is-resized\"><img loading=\"lazy\" src=\"https:\/\/ilustrarte.pt\/_ilustrarte\/wp-content\/uploads\/2021\/07\/castelobranco-1200x1074.png\" alt=\"\" class=\"wp-image-1591\" width=\"91\" height=\"82\" srcset=\"https:\/\/ilustrarte.pt\/_ilustrarte\/wp-content\/uploads\/2021\/07\/castelobranco-1200x1074.png 1200w, https:\/\/ilustrarte.pt\/_ilustrarte\/wp-content\/uploads\/2021\/07\/castelobranco-670x600.png 670w, https:\/\/ilustrarte.pt\/_ilustrarte\/wp-content\/uploads\/2021\/07\/castelobranco-300x269.png 300w, https:\/\/ilustrarte.pt\/_ilustrarte\/wp-content\/uploads\/2021\/07\/castelobranco-768x688.png 768w, https:\/\/ilustrarte.pt\/_ilustrarte\/wp-content\/uploads\/2021\/07\/castelobranco-1536x1375.png 1536w, https:\/\/ilustrarte.pt\/_ilustrarte\/wp-content\/uploads\/2021\/07\/castelobranco-2048x1833.png 2048w\" sizes=\"(max-width: 91px) 100vw, 91px\" \/><\/figure>\n\n\n\n<figure class=\"wp-block-image size-large is-resized\"><img loading=\"lazy\" src=\"https:\/\/ilustrarte.pt\/_ilustrarte\/wp-content\/uploads\/2021\/07\/verpraler-1200x1200.png\" alt=\"\" class=\"wp-image-1587\" width=\"86\" height=\"86\" srcset=\"https:\/\/ilustrarte.pt\/_ilustrarte\/wp-content\/uploads\/2021\/07\/verpraler-1200x1200.png 1200w, https:\/\/ilustrarte.pt\/_ilustrarte\/wp-content\/uploads\/2021\/07\/verpraler-600x600.png 600w, https:\/\/ilustrarte.pt\/_ilustrarte\/wp-content\/uploads\/2021\/07\/verpraler-300x300.png 300w, https:\/\/ilustrarte.pt\/_ilustrarte\/wp-content\/uploads\/2021\/07\/verpraler-768x768.png 768w, https:\/\/ilustrarte.pt\/_ilustrarte\/wp-content\/uploads\/2021\/07\/verpraler-1536x1536.png 1536w, https:\/\/ilustrarte.pt\/_ilustrarte\/wp-content\/uploads\/2021\/07\/verpraler-2048x2048.png 2048w\" sizes=\"(max-width: 86px) 100vw, 86px\" \/><\/figure>\n\n\n\n<figure class=\"wp-block-image size-large is-resized\"><img loading=\"lazy\" src=\"https:\/\/ilustrarte.pt\/_ilustrarte\/wp-content\/uploads\/2021\/07\/CCCC-1200x389.png\" alt=\"\" class=\"wp-image-1596\" width=\"234\" height=\"76\" srcset=\"https:\/\/ilustrarte.pt\/_ilustrarte\/wp-content\/uploads\/2021\/07\/CCCC-1200x389.png 1200w, https:\/\/ilustrarte.pt\/_ilustrarte\/wp-content\/uploads\/2021\/07\/CCCC-800x259.png 800w, https:\/\/ilustrarte.pt\/_ilustrarte\/wp-content\/uploads\/2021\/07\/CCCC-300x97.png 300w, https:\/\/ilustrarte.pt\/_ilustrarte\/wp-content\/uploads\/2021\/07\/CCCC-768x249.png 768w, https:\/\/ilustrarte.pt\/_ilustrarte\/wp-content\/uploads\/2021\/07\/CCCC-1536x498.png 1536w, https:\/\/ilustrarte.pt\/_ilustrarte\/wp-content\/uploads\/2021\/07\/CCCC-2048x664.png 2048w\" sizes=\"(max-width: 234px) 100vw, 234px\" \/><\/figure>\n\n\n\n<p class=\"has-white-color has-text-color\">X<\/p>\n\n\n\n<p>\u00ae Ilustrarte is an original idea of Ju Godinho and Eduardo Filipe<br>All rights reserved<br>\u00a9 Ilustrarte<\/p>\n","protected":false},"excerpt":{"rendered":"<p>Ilustrarte \u2013 Biennial international exhibition of children&#8217;s book illustration Curators: Ju Godinho e Eduardo FilipeProduction: VerPraLer Exhibition design: Pedro Cabrito + Isabel Diniz, ArquitetosGraphic design and Web design: SilvadesignersWeb developer: bway X Sponsor: Munic\u00edpio de Castelo BrancoExhibition: Centro de Cultura Contempor\u00e2nea de Castelo Branco Centre for Contemporary Culture of Castelo BrancoCampo M\u00e1rtires da P\u00e1tria6000-097 Castelo [&hellip;]<\/p>\n","protected":false},"author":1,"featured_media":0,"parent":0,"menu_order":0,"comment_status":"closed","ping_status":"closed","template":"","meta":[],"_links":{"self":[{"href":"https:\/\/ilustrarte.pt\/en\/wp-json\/wp\/v2\/pages\/3097"}],"collection":[{"href":"https:\/\/ilustrarte.pt\/en\/wp-json\/wp\/v2\/pages"}],"about":[{"href":"https:\/\/ilustrarte.pt\/en\/wp-json\/wp\/v2\/types\/page"}],"author":[{"embeddable":true,"href":"https:\/\/ilustrarte.pt\/en\/wp-json\/wp\/v2\/users\/1"}],"replies":[{"embeddable":true,"href":"https:\/\/ilustrarte.pt\/en\/wp-json\/wp\/v2\/comments?post=3097"}],"version-history":[{"count":2,"href":"https:\/\/ilustrarte.pt\/en\/wp-json\/wp\/v2\/pages\/3097\/revisions"}],"predecessor-version":[{"id":3239,"href":"https:\/\/ilustrarte.pt\/en\/wp-json\/wp\/v2\/pages\/3097\/revisions\/3239"}],"wp:attachment":[{"href":"https:\/\/ilustrarte.pt\/en\/wp-json\/wp\/v2\/media?parent=3097"}],"curies":[{"name":"wp","href":"https:\/\/api.w.org\/{rel}","templated":true}]}}

<p>Ilustrarte – Biennial international exhibition of children&#8217;s book illustration</p>



<p>Curators: Ju Godinho e Eduardo Filipe<br>Production: VerPraLer</p>



<p>Exhibition design: Pedro Cabrito + Isabel Diniz, Arquitetos<br>Graphic design and Web design: <a href="http://silvadesigners.com" data-type="URL" data-id="silvadesigners.com">Silvadesigners</a><br>Web developer: <a href="mailto: geral@bway.com" data-type="mailto" data-id="mailto: geral@bway.com">bway</a></p>



<p class="has-white-color has-text-color">X</p>



<p>Sponsor: Município de Castelo Branco<br>Exhibition: Centro de Cultura Contemporânea de Castelo Branco</p>



<p>Centre for Contemporary Culture of Castelo Branco<br>Campo Mártires da Pátria<br>6000-097 Castelo Branco, Portugal<br>+351 272 348 170</p>



<div class="wp-block-columns grupo-foto-mapa">
<div class="wp-block-column">
<figure class="wp-block-image size-medium"><img loading="lazy" width="600" height="600" src="https://ilustrarte.pt/_ilustrarte/wp-content/uploads/2021/02/CCCCB-1-600x600.jpg" alt="" class="wp-image-2476" srcset="https://ilustrarte.pt/_ilustrarte/wp-content/uploads/2021/02/CCCCB-1-600x600.jpg 600w, https://ilustrarte.pt/_ilustrarte/wp-content/uploads/2021/02/CCCCB-1-1200x1200.jpg 1200w, https://ilustrarte.pt/_ilustrarte/wp-content/uploads/2021/02/CCCCB-1-300x300.jpg 300w, https://ilustrarte.pt/_ilustrarte/wp-content/uploads/2021/02/CCCCB-1-768x768.jpg 768w, https://ilustrarte.pt/_ilustrarte/wp-content/uploads/2021/02/CCCCB-1-1536x1536.jpg 1536w, https://ilustrarte.pt/_ilustrarte/wp-content/uploads/2021/02/CCCCB-1.jpg 1800w" sizes="(max-width: 600px) 100vw, 600px" /></figure>
</div>



<div class="wp-block-column">
<div id="map"></div>



<p></p>
</div>
</div>



<p class="has-white-color has-text-color">X</p>



<figure class="wp-block-image size-large is-resized"><img loading="lazy" src="https://ilustrarte.pt/_ilustrarte/wp-content/uploads/2021/07/castelobranco-1200x1074.png" alt="" class="wp-image-1591" width="91" height="82" srcset="https://ilustrarte.pt/_ilustrarte/wp-content/uploads/2021/07/castelobranco-1200x1074.png 1200w, https://ilustrarte.pt/_ilustrarte/wp-content/uploads/2021/07/castelobranco-670x600.png 670w, https://ilustrarte.pt/_ilustrarte/wp-content/uploads/2021/07/castelobranco-300x269.png 300w, https://ilustrarte.pt/_ilustrarte/wp-content/uploads/2021/07/castelobranco-768x688.png 768w, https://ilustrarte.pt/_ilustrarte/wp-content/uploads/2021/07/castelobranco-1536x1375.png 1536w, https://ilustrarte.pt/_ilustrarte/wp-content/uploads/2021/07/castelobranco-2048x1833.png 2048w" sizes="(max-width: 91px) 100vw, 91px" /></figure>



<figure class="wp-block-image size-large is-resized"><img loading="lazy" src="https://ilustrarte.pt/_ilustrarte/wp-content/uploads/2021/07/verpraler-1200x1200.png" alt="" class="wp-image-1587" width="86" height="86" srcset="https://ilustrarte.pt/_ilustrarte/wp-content/uploads/2021/07/verpraler-1200x1200.png 1200w, https://ilustrarte.pt/_ilustrarte/wp-content/uploads/2021/07/verpraler-600x600.png 600w, https://ilustrarte.pt/_ilustrarte/wp-content/uploads/2021/07/verpraler-300x300.png 300w, https://ilustrarte.pt/_ilustrarte/wp-content/uploads/2021/07/verpraler-768x768.png 768w, https://ilustrarte.pt/_ilustrarte/wp-content/uploads/2021/07/verpraler-1536x1536.png 1536w, https://ilustrarte.pt/_ilustrarte/wp-content/uploads/2021/07/verpraler-2048x2048.png 2048w" sizes="(max-width: 86px) 100vw, 86px" /></figure>



<figure class="wp-block-image size-large is-resized"><img loading="lazy" src="https://ilustrarte.pt/_ilustrarte/wp-content/uploads/2021/07/CCCC-1200x389.png" alt="" class="wp-image-1596" width="234" height="76" srcset="https://ilustrarte.pt/_ilustrarte/wp-content/uploads/2021/07/CCCC-1200x389.png 1200w, https://ilustrarte.pt/_ilustrarte/wp-content/uploads/2021/07/CCCC-800x259.png 800w, https://ilustrarte.pt/_ilustrarte/wp-content/uploads/2021/07/CCCC-300x97.png 300w, https://ilustrarte.pt/_ilustrarte/wp-content/uploads/2021/07/CCCC-768x249.png 768w, https://ilustrarte.pt/_ilustrarte/wp-content/uploads/2021/07/CCCC-1536x498.png 1536w, https://ilustrarte.pt/_ilustrarte/wp-content/uploads/2021/07/CCCC-2048x664.png 2048w" sizes="(max-width: 234px) 100vw, 234px" /></figure>



<p class="has-white-color has-text-color">X</p>



<p>® Ilustrarte is an original idea of Ju Godinho and Eduardo Filipe<br>All rights reserved<br>© Ilustrarte</p>

<p>Ilustrarte – Biennial international exhibition of children&#8217;s book illustration Curators: Ju Godinho e Eduardo FilipeProduction: VerPraLer Exhibition design: Pedro Cabrito + Isabel Diniz, ArquitetosGraphic design and Web design: SilvadesignersWeb developer: bway X Sponsor: Município de Castelo BrancoExhibition: Centro de Cultura Contemporânea de Castelo Branco Centre for Contemporary Culture of Castelo BrancoCampo Mártires da Pátria6000-097 Castelo [&hellip;]</p>
